{"version":"1.0","provider_name":"Publifast","provider_url":"https:\/\/publifast.pt\/en","author_name":"Manuel Rodrigues","author_url":"https:\/\/publifast.pt\/en\/author\/publifastadmin\/","title":"FINAL DA TA\u00c7A UEFA: tela, vinil e tecido - Publifast","type":"rich","width":600,"height":338,"html":"<blockquote class=\"wp-embedded-content\" data-secret=\"IppKd0fdYj\"><a href=\"https:\/\/publifast.pt\/en\/portfolio\/final-da-taca-uefa-telas-e-vinil\/\">UEFA CUP FINAL: mesh fabric, vinyl, and textile<\/a><\/blockquote><iframe sandbox=\"allow-scripts\" security=\"restricted\" src=\"https:\/\/publifast.pt\/en\/portfolio\/final-da-taca-uefa-telas-e-vinil\/embed\/#?secret=IppKd0fdYj\" width=\"600\" height=\"338\" title=\"&#8220;FINAL DA TA\u00c7A UEFA: tela, vinil e tecido&#8221; &#8212; Publifast\" data-secret=\"IppKd0fdYj\" frameborder=\"0\" marginwidth=\"0\" marginheight=\"0\" scrolling=\"no\" class=\"wp-embedded-content\"><\/iframe><script>\n\/*! This file is auto-generated *\/\n!function(d,l){\"use strict\";l.querySelector&&d.addEventListener&&\"undefined\"!=typeof URL&&(d.wp=d.wp||{},d.wp.receiveEmbedMessage||(d.wp.receiveEmbedMessage=function(e){var t=e.data;if((t||t.secret||t.message||t.value)&&!\/[^a-zA-Z0-9]\/.test(t.secret)){for(var s,r,n,a=l.querySelectorAll('iframe[data-secret=\"'+t.secret+'\"]'),o=l.querySelectorAll('blockquote[data-secret=\"'+t.secret+'\"]'),c=new RegExp(\"^https?:$\",\"i\"),i=0;i<o.length;i++)o[i].style.display=\"none\";for(i=0;i<a.length;i++)s=a[i],e.source===s.contentWindow&&(s.removeAttribute(\"style\"),\"height\"===t.message?(1e3<(r=parseInt(t.value,10))?r=1e3:~~r<200&&(r=200),s.height=r):\"link\"===t.message&&(r=new URL(s.getAttribute(\"src\")),n=new URL(t.value),c.test(n.protocol))&&n.host===r.host&&l.activeElement===s&&(d.top.location.href=t.value))}},d.addEventListener(\"message\",d.wp.receiveEmbedMessage,!1),l.addEventListener(\"DOMContentLoaded\",function(){for(var e,t,s=l.querySelectorAll(\"iframe.wp-embedded-content\"),r=0;r<s.length;r++)(t=(e=s[r]).getAttribute(\"data-secret\"))||(t=Math.random().toString(36).substring(2,12),e.src+=\"#?secret=\"+t,e.setAttribute(\"data-secret\",t)),e.contentWindow.postMessage({message:\"ready\",secret:t},\"*\")},!1)))}(window,document);\n<\/script>","thumbnail_url":"https:\/\/publifast.pt\/wp-content\/uploads\/2020\/10\/header-UEFA-CHAMPIONS-copy-scaled.jpg","thumbnail_width":2560,"thumbnail_height":1440,"description":"Em dois mil e cinco a PUBLIFAST teve entre m\u00e3os um desafio de grande responsabilidade: a impress\u00e3o das pe\u00e7as gr\u00e1ficas de exterior para a Final da Ta\u00e7a UEFA. Desde os pend\u00f5es em polyester que se espalharam pelas ruas da capital portuguesa, ao vinil que no aeroporto se estendeu pelo ch\u00e3o em tom de \"cal\u00e7ada portuguesa\", tudo fizemos para materializar o evento com o maior rigor t\u00e9cnico e a melhor qualidade de materiais. No epicentro desportivo, situado no Est\u00e1dio Jos\u00e9 de Alvalade, decoraram-se as bancadas, o acesso ao relvado e as laterais do ecr\u00e3 gigante; no aeroporto de Lisboa a celebra\u00e7\u00e3o do evento fez-se sentir na decora\u00e7\u00e3o de uma das fachadas exteriores e, no interior, atrav\u00e9s de pend\u00f5es que pontuaram a zona das chegadas. Houve ainda a necessidade de decorar a entrada do edif\u00edcio onde teve lugar o jantar de gala da final da ta\u00e7a e a constru\u00e7\u00e3o de um totem de sinaliza\u00e7\u00e3o."}

FINAL DA TAÇA UEFA: tela, vinil e tecido - Publifast

<blockquote class="wp-embedded-content" data-secret="IppKd0fdYj"><a href="https://publifast.pt/en/portfolio/final-da-taca-uefa-telas-e-vinil/">UEFA CUP FINAL: mesh fabric, vinyl, and textile</a></blockquote><iframe sandbox="allow-scripts" security="restricted" src="https://publifast.pt/en/portfolio/final-da-taca-uefa-telas-e-vinil/embed/#?secret=IppKd0fdYj" width="600" height="338" title="&#8220;FINAL DA TAÇA UEFA: tela, vinil e tecido&#8221; &#8212; Publifast" data-secret="IppKd0fdYj" frameborder="0" marginwidth="0" marginheight="0" scrolling="no" class="wp-embedded-content"></iframe><script>
/*! This file is auto-generated */
!function(d,l){"use strict";l.querySelector&&d.addEventListener&&"undefined"!=typeof URL&&(d.wp=d.wp||{},d.wp.receiveEmbedMessage||(d.wp.receiveEmbedMessage=function(e){var t=e.data;if((t||t.secret||t.message||t.value)&&!/[^a-zA-Z0-9]/.test(t.secret)){for(var s,r,n,a=l.querySelectorAll('iframe[data-secret="'+t.secret+'"]'),o=l.querySelectorAll('blockquote[data-secret="'+t.secret+'"]'),c=new RegExp("^https?:$","i"),i=0;i<o.length;i++)o[i].style.display="none";for(i=0;i<a.length;i++)s=a[i],e.source===s.contentWindow&&(s.removeAttribute("style"),"height"===t.message?(1e3<(r=parseInt(t.value,10))?r=1e3:~~r<200&&(r=200),s.height=r):"link"===t.message&&(r=new URL(s.getAttribute("src")),n=new URL(t.value),c.test(n.protocol))&&n.host===r.host&&l.activeElement===s&&(d.top.location.href=t.value))}},d.addEventListener("message",d.wp.receiveEmbedMessage,!1),l.addEventListener("DOMContentLoaded",function(){for(var e,t,s=l.querySelectorAll("iframe.wp-embedded-content"),r=0;r<s.length;r++)(t=(e=s[r]).getAttribute("data-secret"))||(t=Math.random().toString(36).substring(2,12),e.src+="#?secret="+t,e.setAttribute("data-secret",t)),e.contentWindow.postMessage({message:"ready",secret:t},"*")},!1)))}(window,document);
</script>

Em dois mil e cinco a PUBLIFAST teve entre mãos um desafio de grande responsabilidade: a impressão das peças gráficas de exterior para a Final da Taça UEFA. Desde os pendões em polyester que se espalharam pelas ruas da capital portuguesa, ao vinil que no aeroporto se estendeu pelo chão em tom de "calçada portuguesa", tudo fizemos para materializar o evento com o maior rigor técnico e a melhor qualidade de materiais. No epicentro desportivo, situado no Estádio José de Alvalade, decoraram-se as bancadas, o acesso ao relvado e as laterais do ecrã gigante; no aeroporto de Lisboa a celebração do evento fez-se sentir na decoração de uma das fachadas exteriores e, no interior, através de pendões que pontuaram a zona das chegadas. Houve ainda a necessidade de decorar a entrada do edifício onde teve lugar o jantar de gala da final da taça e a construção de um totem de sinalização.
